12?
10
Let f = -14 - -16. Let q(h) be the second derivative of -h**5/20 + 5*h**4/12 - 3*h**2/2 + 18*h. What is the remainder when q(f) is divided by 2?
1
Let f(u) = u + 9. Let x be f(3). Let r(i) = -i**3 + i**2 + 3. Let o be r(0). What is the remainder when 21 is divided by x/(2 - o*(-2)/(-6))?
9
Suppose 28*b - 68*b = -1400. Suppose -3*i = t - 73 - b, -5*i - 161 = -2*t. Calculate the remainder when t is divided by 7.
2
Let v be 465/(-9)*(-45)/25. Let x = v + 1. Calculate the remainder when 278 is divided by x.
90
What is the remainder when 245 is divided by (-924)/(-14) + -4*(-2)/4?
41
Suppose 4*a - 11 - 53 = 0. Suppose 70 = 5*x - q, -5*x = -16*x - 3*q + 180. Calculate the remainder when a is divided by x.
1
Let k(g) = -6*g - 17. Let d be k(-7). Suppose d*l - 16*l - 441 = 0. Calculate the remainder when 144 is divided by l.
46
Let j = 458 + -483. Suppose 2*o - 30 = -3*o. Calculate the remainder when 2*(2 - j/10) is divided by o.
3
Suppose -5*r - 27*p = -32*p - 12495, 5*r = -3*p + 12455. Calculate the remainder when r is divided by 96.
94
Suppose 981*f - 975*f - 42 = 0. Calculate the remainder when 8026 is divided by f.
4
Let s be 1/2 + (-50505)/(-78). Suppose s = 16*q - 168. What is the remainder when 149 is divided by q?
47
Suppose -4*w = 3*a - 82 - 7, 2*a = -4*w + 66. Let h = -307 - -323. What is the remainder when 2*(-6 - (-424)/h) is divided by a?
18
Let g(u) = 4*u**2 + 125*u - 1396. Calculate the remainder when 2054 is divided by g(-40).
2
Let h(k) = -2*k + 13. Let f(l) = 2*l - 13. Let o(m) = -3*f(m) - 2*h(m). Let r be o(5). Suppose -r*i + 119 = -133. What is the remainder when i is divided by 30?
24
Let o(g) = g**2 + 14*g + 60. Let t be o(-5). Calculate the remainder when (-78)/(-130) - (3 - 1881/t) is divided by 35.
18
Let t = 201 - 86. Suppose -121*n = -t*n - 480. What is the remainder when n is divided by 9?
8
Suppose 0 = 2*g - 0*g + 24. Let k(i) = 3*i**2 + 35*i + 21. Let m be k(g). What is the remainder when 5*m - (-3 + 8) is divided by 23?
22
Suppose -197*c = -137*c - 10020. Calculate the remainder when 1172 is divided by c.
3
Suppose -87*z + 2742 = -4763 - 5458. What is the remainder when 155 is divided by z?
6
Suppose -6*d + 3266 = -3*d + 5*f, -4*d = -3*f - 4403. What is the remainder when d is divided by 90?
17
Let n = 103 - -150. Let p = n + -239. Calculate the remainder when 180 is divided by p.
12
Let t(s) = -s**2 - 7*s + 13. Let i be t(-9). Let x be 1/(-5) - 1/i. Suppose 3*c - 15 - 30 = x. What is the remainder when 43 is divided by c?
13
Let b be (-2)/2*(-2)/(-6)*0. Calculate the remainder when (-1)/(b - 5/235) is divided by 25.
22
What is the remainder when (-8)/(-24)*(-72 - -6129) is divided by 156?
147
Let b(v) = 20*v + 2. Let y(m) = 65*m + m**3 - 2*m**3 - 72*m + 7*m**2. Calculate the remainder when b(2) is divided by y(3).
12
Let v = 5532 + -5438. Let c = 92 + -61. Calculate the remainder when v is divided by c.
1
Suppose 217 = 15*x - 10*x - 4*n, 2*x - 4*n = 94. Calculate the remainder when 762 is divided by x.
24
Let o be 3/((-39)/(-310)) - 8/(-52). Let y(x) = 5*x + o - 4*x - 16. What is the remainder when 15 is divided by y(-4)?
3
Let x = -120 - -179. Let b(r) = r**3 + 4*r**2 - 22*r + 7. What is the remainder when b(6) is divided by x?
58
Suppose -40*i = -11*i - 58. Suppose 5*c + 28*s - 40 = 32*s, 16 = i*c + s. What is the remainder when 106/8 - 1/4 is divided by c?
5
Let g be (-1)/(-2 - 58/(-30)). Suppose -c - 2*f - 2 = 0, 3*f = c + g + 2. What is the remainder when 4 is divided by -2 - -4 - (c + 8)?
0
What is the remainder when 797 is divided by 104 - ((-1147)/111 + (-1)/(-3))?
113
Let p(o) = 3*o**2 + 76*o + 1352. Calculate the remainder when p(-29) is divided by 28.
19
Let u be 135*((-136)/(-24) - 6). Calculate the remainder when 8/(-10)*(-9 + -6 + u) is divided by 28.
20
Suppose -72 + 80 = 2*p. Suppose 6*g - 568 = g + p*f, -2*g - f = -222. Suppose -l = -3*b - 17, -21 = 3*l - 4*l + b. What is the remainder when g is divided by l?
20
Let s(j) = 4*j**2 - 3*j - 4. Let g = -3 - -6. Calculate the remainder when (-12)/(-16) + 7535/220 is divided by s(g).
12
What is the remainder when (-2)/(-10 - -4)*1986 - (4 + -2) is divided by 65?
10
Suppose -3*z + 15 = -2*z. Let b(k) = 64*k - 26. Let c be b(-1). Let y = c - -147. Calculate the remainder when y is divided by z.
12
Let m(g) = -2633*g + 15821. What is the remainder when (1 - 7)/(9/(-132)) is divided by m(6)?
19
Let f = -54 + 48. Let q(v) = 3*v**2 + 11*v - 7. Suppose -s = -3*s + 208. What is the remainder when s is divided by q(f)?
34
Suppose 3*s + 56 = 2*g + 2*s, 4*g = 4*s + 112. What is the remainder when 330 is divided by g?
22
Let o(v) = -v**2 - 258*v - 726. Let y(q) = -q**2 - 10*q + 2. Calculate the remainder when o(-255) is divided by y(-9).
6
Let k(h) = -h**3 + 15*h**2 - 12*h - 9. Let w be (0 - 60)/(-5) + -1. Calculate the remainder when k(w) is divided by 69.
67
Suppose -3*v = -93 - 63. What is the remainder when v is divided by 3 - 14/((-28)/34)?
12
Let b(g) = 7*g**3 - 12*g**2 + 6*g - 17. What is the remainder when b(5) is divided by 72?
12
Let a be (-21)/9 - ((-84)/(-18) - 3). Calculate the remainder when (a - -2) + -1 + (-3 - -43) is divided by 27.
10
Let v(t) = -22*t**3 + t**2 + 6*t + 5. Let l be -2 + 6 + 2/(2/(-5)). Calculate the remainder when v(l) is divided by 6.
4
Suppose 12*s + 36 = 21*s. Suppose 0 = -f - 5*b + 14 + 21, -3*b = -s*f + 48. Calculate the remainder when 149 is divided by f.
14
Let y = -30 - -8. Let n = -26 - y. Calculate the remainder when 54 is divided by (0 - (6 + n)) + 24.
10
Let r(z) = -21*z + 1520. Calculate the remainder when r(36) is divided by 8.
4
Let a(r) = r + 27. Let d(n) = 2*n + 56. What is the remainder when d(-8) is divided by a(-11)?
8
Suppose 55 - 86 = -6*z + 503. What is the remainder when z is divided by 13?
11
Let x = -3281 + 3356. Calculate the remainder when 142 is divided by x.
67
Suppose 5*q - v = 9*q - 2359, 0 = -4*q + 3*v + 2347. Let z = -567 + q. What is the remainder when 77 is divided by z?
11
Let n(y) = 34*y + 1029. What is the remainder when 211 is divided by n(-29)?
39
Let h = -4239 - -4249. What is the remainder when 5726 is divided by h?
6
Suppose 3*b = 11 + 4. Let n(s) = -7*s**3 + 119*s**2 + 225*s - 3. Calculate the remainder when n(-2) is divided by b.
4
Suppose -2*y - 8*k + 78 = -6*k, 3*y = k + 105. Calculate the remainder when 1611 is divided by y.
27
Let t = -21914 - -21924. Suppose 79 = i - 41. Suppose 4*w - i = -4. What is the remainder when w is divided by t?
9
Calculate the remainder when (50/(-20))/(20/(-1248)) is divided by 86.
70
Let o(q) = -16*q - 4. Let k be o(-3). Let m = k - 19. Suppose -13*s = 77*s - 4410. Calculate the remainder when s is divided by m.
24
Suppose 2*d - 3*g = 43, 34 + 27 = 3*d - g. Let h(o) = o**2 - 5*o + 4. Let f be h(2). What is the remainder when (-3)/(f + -1)*58 is divided by d?
18
Suppose -17*r + 1328 = -21*r. Let v = r - -336. What is the remainder when 73 is divided by v?
1
Suppose -46*b = 3098 - 3374. Let r(g) = 9*g**2 + 5*g - 1. What is the remainder when r(4) is divided by b?
1
Let x(l) = -16*l - 102. Let b be x(-17). Suppose -2*v + 4*y = -86, 5*v = y + 90 + b. Calculate the remainder when v is divided by 37.
16
Let x(h) = 65*h - 41. Let r = -627 + 639. Calculate the remainder when x(r) is divided by 10.
9
Let a(z) = 33*z - 10*z**2 - 19 + 18*z**2 - 11*z**2. Let v be a(13). Let m = v - -250. What is the remainder when m is divided by 22?
21
Let y = -3763 + 3900. What is the remainder when y is divided by 24?
17
Let t(p) = 3*p**2 + 2*p - 3. Let m be t(-2). Suppose -2*i = 6, 4*i = 2*g + m*i - 1. What is the remainder when 9 is divided by g?
1
Suppose -4*q - 11155 = -2*s - 2293, 3*q = -s + 4461. Calculate the remainder when s is divided by 139.
134
Let v(g) = 12*g**3 - 5*g**2 + 17*g - 4. Calculate the remainder when 118 is divided by v(2).
12
Let b be ((-3 - 3) + 2)*1. Suppose p - 71 = -54. Calculate the remainder when (-243)/6*b/6 is divided by p.
10
Let o = 108132 + -108013. Let u = -15 + 25. Calculate the remainder when o is divided by u.
9
Suppose -16 = -8*f + 16. Suppose j - 4 = 4*b + 390, -1519 = -f*j - 3*b. What is the remainder when j is divided by 16?
14
Suppose -5*t + 5*d + 80 + 25 = 0, -t + 21 = -4*d. Let q = 1708 - 1676. Calculate the remainder when q i